of 10324?
2, 29, 89
List the prime factors of 6972.
2, 3, 7, 83
What are the prime factors of 33718?
2, 23, 733
List the prime factors of 2220.
2, 3, 5, 37
What are the prime factors of 5696?
2, 89
What are the prime factors of 5540?
2, 5, 277
What are the prime factors of 31889?
11, 13, 223
What are the prime factors of 90962?
2, 45481
List the prime factors of 20138.
2, 10069
List the prime factors of 169012.
2, 29, 31, 47
What are the prime factors of 1735?
5, 347
List the prime factors of 2319.
3, 773
List the prime factors of 1170.
2, 3, 5, 13
List the prime factors of 784.
2, 7
List the prime factors of 1094.
2, 547
List the prime factors of 6906.
2, 3, 1151
What are the prime factors of 23008?
2, 719
What are the prime factors of 95313?
3, 31771
List the prime factors of 438.
2, 3, 73
What are the prime factors of 6046?
2, 3023
List the prime factors of 1384.
2, 173
List the prime factors of 4756.
2, 29, 41
What are the prime factors of 7039?
7039
List the prime factors of 1577.
19, 83
What are the prime factors of 8435?
5, 7, 241
What are the prime factors of 25079?
31, 809
List the prime factors of 4610.
2, 5, 461
List the prime factors of 11178.
2, 3, 23
List the prime factors of 43604.
2, 11, 991
List the prime factors of 1024.
2
What are the prime factors of 30753?
3, 17, 67
List the prime factors of 637.
7, 13
What are the prime factors of 2198?
2, 7, 157
What are the prime factors of 74983?
167, 449
List the prime factors of 179.
179
List the prime factors of 16600.
2, 5, 83
What are the prime factors of 2324?
2, 7, 83
List the prime factors of 1121.
19, 59
List the prime factors of 2399.
2399
What are the prime factors of 55?
5, 11
List the prime factors of 7128.
2, 3, 11
List the prime factors of 721.
7, 103
What are the prime factors of 232?
2, 29
What are the prime factors of 66044?
2, 11, 19, 79
List the prime factors of 9903.
3, 3301
What are the prime factors of 4279?
11, 389
List the prime factors of 1240.
2, 5, 31
List the prime factors of 20878.
2, 11, 13, 73
What are the prime factors of 2144?
2, 67
List the prime factors of 1139.
17, 67
What are the prime factors of 316?
2, 79
What are the prime factors of 22071?
3, 7, 1051
List the prime factors of 2088.
2, 3, 29
What are the prime factors of 27719?
53, 523
List the prime factors of 11262.
2, 3, 1877
What are the prime factors of 270?
2, 3, 5
List the prime factors of 48988.
2, 37, 331
What are the prime factors of 76161?
3, 53, 479
What are the prime factors of 15337?
7, 313
What are the prime factors of 783?
3, 29
What are the prime factors of 22803?
3, 11, 691
List the prime factors of 63347.
63347
What are the prime factors of 1155?
3, 5, 7, 11
What are the prime factors of 399?
3, 7, 19
List the prime factors of 7495.
5, 1499
What are the prime factors of 55633?
55633
List the prime factors of 1343.
17, 79
What are the prime factors of 948?
2, 3, 79
List the prime factors of 1024.
2
List the prime factors of 665.
5, 7, 19
What are the prime factors of 44413?
23, 1931
List the prime factors of 51740.
2, 5, 13, 199
List the prime factors of 1199.
11, 109
What are the prime factors of 60755?
5, 29, 419
What are the prime factors of 598?
2, 13, 23
List the prime factors of 4323.
3, 11, 131
List the prime factors of 45340.
2, 5, 2267
List the prime factors of 6803.
6803
What are the prime factors of 2641?
19, 139
What are the prime factors of 23465?
5, 13, 19
List the prime factors of 2604.
2, 3, 7, 31
What are the prime factors of 14273?
7, 2039
What are the prime factors of 4802?
2, 7
What are the prime factors of 686?
2, 7
What are the prime factors of 1581?
3, 17, 31
List the prime factors of 6995.
5, 1399
List the prime factors of 1247.
29, 43
What are the prime factors of 461?
461
What are the prime factors of 582?
2, 3, 97
List the prime factors of 4578.
2, 3, 7, 109
What are the prime factors of 609?
3, 7, 29
What are the prime factors of 4734?
2, 3, 263
List the prime factors of 58846.
2, 29423
List the prime factors of 1308.
2, 3, 109
List the prime factors of 3573.
3, 397
List the prime factors of 4603.
4603
What are the prime factors of 8050?
2, 5, 7, 23
What are the prime factors of 13219?
13219
List the prime factors of 97.
97
List the prime factors of 23196.
2, 3, 1933
List the prime factors of 762.
2, 3, 127
List the prime factors of 70378.
2, 7, 11, 457
What are the prime factors of 24?
2, 3
What are the prime factors of 597?
3, 199
List the prime factors of 4592.
2, 7, 41
List the prime factors of 14889.
3, 7, 709
What are the prime factors of 3283?
7, 67
List the prime factors of 528.
2, 3, 11
List the prime factors of 6113.
6113
List the prime factors of 15557.
47, 331
What are the prime factors of 70?
2, 5, 7
List the prime factors of 944.
2, 59
What are the prime factors of 16242?
2, 3, 2707
What are the prime factors of 2780?
2, 5, 139
What are the prime factors of 1075?
5, 43
What are the prime factors of 41935?
5, 8387
List the prime factors of 36917.
19, 29, 67
What are the prime factors of 1985?
5, 397
What are the prime factors of 321?
3, 107
What are the prime factors of 2101?
11, 191
List the prime factors of 339.
3, 113
What are the prime factors of 4277?
7, 13, 47
What are the prime factors of 19999?
7, 2857
What are the prime factors of 8168?
2, 1021
List the prime factors of 7662.
2, 3, 1277
List the prime factors of 8348.
2, 2087
What are the prime factors of 12942?
2, 3, 719
What are the prime factors of 1268?
2, 317
List the prime factors of 2356.
2, 19, 31
List the prime factors of 101618.
2, 11, 31, 149
What are the prime factors of 163112?
2, 20389
List the prime factors of 73603.
89, 827
What are the prime factors of 20731?
20731
What are the prime factors of 499?
499
What are the prime factors of 157894?
2, 11, 7177
List the prime factors of 140511.
3, 7, 6691
What are the prime factors of 100?
2, 5
What are the prime factors of 13445?
5, 2689
What are the prime factors of 51209?
41, 1249
List the prime factors of 175186.
2, 11, 7963
What are the prime factors of 4676?
2, 7, 167
List the prime factors of 17921.
17921
List the prime factors of 34838.
2, 17419
What are the prime factors of 1529?
11, 139
List the prime factors of 51624.
2, 3, 239
List the prime factors of 12778.
2, 6389
What are the prime factors of 71930?
2, 5, 7193
List the prime factors of 13237.
7, 31, 61
List the prime factors of 7393.
7393
List the prime factors of 72012.
2, 3, 17, 353
List the prime factors of 1192.
2, 149
What are the prime factors of 394?
2, 197
List the prime factors of 4174.
2, 2087
What are the prime factors of 14547?
3, 13, 373
List the prime factors of 123572.
2, 30893
List the prime factors of 81256.
2, 7, 1451
List the prime factors of 186.
2, 3, 31
List the prime factors of 13366.
2, 41, 163
What are the prime factors of 412?
2, 103
List the prime factors of 5018.
2, 13, 193
List the prime factors of 524.
2, 131
What are the prime factors of 1834?
2, 7, 131
List the prime factors of 825.
3, 5, 11
List the prime factors of 484.
2, 11
What are the prime factors of 9714?
2, 3, 1619
List the prime factors of 111.
3, 37
What are the prime factors of 2709?
3, 7, 43
List the prime factors of 1323.
3, 7
What are the prime factors of 1073?
29, 37
List the prime factors of 24443.
24443
What are the prime factors of 2700?
2, 3, 5
List the prime factors of 14132.
2, 3533
What are the prime factors of 22325?
5, 19, 47
List the prime factors of 899.
29, 31
What are the prime factors of 869?
11, 79
What are the prime factors of 18396?
2, 3, 7, 73
List the prime factors of 3704.
2, 463
What are the prime factors of 5883?
3, 37, 53
What are the prime factors of 119878?
2, 11, 5449
List the prime factors of 18333.
3, 7, 97
List the prime factors of 52464.
2, 3, 1093
List the prime factors of 37015.
5, 11, 673
What are the prime factors of 916?
2, 229
List the prime factors of 67016.
2, 8377
What are the prime factors of 3279?
3, 1093
List the prime factors of 11617.
11617
What are the prime factors of 26457?
3, 8819
What are the prime factors of 4423?
4423
List the prime factors of 8423.
8423
What are the prime factors of 4366?
2, 37, 59
List the prime factors of 51980.
2, 5, 23, 113
What are the prime factors of 25912?
2, 41, 79
What are th